 of 54723734?
3
What is the tens digit of 1579239416?
1
What is the ten millions digit of 300119795?
0
What is the units digit of 26157669?
9
What is the ten thousands digit of 544649326?
4
What is the units digit of 2315911627?
7
What is the ten millions digit of 61084379?
6
What is the thousands digit of 44105555?
5
What is the ten millions digit of 593757217?
9
What is the hundred millions digit of 850854863?
8
What is the ten millions digit of 427614148?
2
What is the millions digit of 1277387?
1
What is the thousands digit of 42760180?
0
What is the tens digit of 7271076429?
2
What is the ten millions digit of 374836958?
7
What is the hundred thousands digit of 8668352?
6
What is the hundreds digit of 643024287?
2
What is the hundred millions digit of 3556525587?
5
What is the hundred thousands digit of 9099608761?
6
What is the hundred thousands digit of 71193980?
1
What is the units digit of 24090487?
7
What is the tens digit of 730014924?
2
What is the tens digit of 116599863?
6
What is the hundreds digit of 1110160972?
9
What is the thousands digit of 38203811?
3
What is the thousands digit of 12025183?
5
What is the hundreds digit of 370598941?
9
What is the units digit of 621093210?
0
What is the ten thousands digit of 885666148?
6
What is the hundred thousands digit of 57332124?
3
What is the tens digit of 1463062?
6
What is the tens digit of 199673519?
1
What is the hundreds digit of 22037363?
3
What is the hundreds digit of 2899031?
0
What is the thousands digit of 146749755?
9
What is the millions digit of 42947774?
2
What is the hundred millions digit of 744028848?
7
What is the ten thousands digit of 1034412942?
1
What is the ten millions digit of 1603825709?
0
What is the millions digit of 300586147?
0
What is the ten thousands digit of 495611125?
1
What is the ten millions digit of 30125840?
3
What is the ten thousands digit of 29264713?
6
What is the tens digit of 2535575589?
8
What is the thousands digit of 629422137?
2
What is the hundred millions digit of 4706676802?
7
What is the units digit of 60011114?
4
What is the units digit of 677559310?
0
What is the billions digit of 1911763845?
1
What is the hundreds digit of 172756057?
0
What is the thousands digit of 120127034?
7
What is the hundred millions digit of 1852557012?
8
What is the millions digit of 53335474?
3
What is the hundred millions digit of 2161330976?
1
What is the thousands digit of 30404310?
4
What is the ten millions digit of 12000017?
1
What is the ten thousands digit of 1259124550?
2
What is the millions digit of 185315282?
5
What is the hundred thousands digit of 36363807?
3
What is the hundred thousands digit of 7994244267?
2
What is the hundred thousands digit of 241902407?
9
What is the units digit of 46504966?
6
What is the billions digit of 1439900800?
1
What is the ten thousands digit of 1052466541?
6
What is the hundred millions digit of 5145853133?
1
What is the thousands digit of 66294777?
4
What is the hundreds digit of 22366049?
0
What is the thousands digit of 1585853607?
3
What is the tens digit of 51338199?
9
What is the millions digit of 67849524?
7
What is the ten millions digit of 15360560?
1
What is the hundred millions digit of 6131561772?
1
What is the units digit of 744096068?
8
What is the tens digit of 5253071?
7
What is the tens digit of 411584757?
5
What is the units digit of 983214961?
1
What is the units digit of 1192497326?
6
What is the thousands digit of 981975435?
5
What is the ten thousands digit of 2037213520?
1
What is the units digit of 272807626?
6
What is the hundred millions digit of 218880958?
2
What is the tens digit of 676601987?
8
What is the ten thousands digit of 527937123?
3
What is the ten millions digit of 330787275?
3
What is the billions digit of 1696975591?
1
What is the tens digit of 12565379?
7
What is the ten thousands digit of 33720548?
2
What is the tens digit of 2007907083?
8
What is the ten millions digit of 3132742004?
3
What is the millions digit of 7463251166?
3
What is the hundred millions digit of 136407686?
1
What is the ten millions digit of 37819347?
3
What is the units digit of 106413812?
2
What is the ten thousands digit of 275292187?
9
What is the hundred thousands digit of 830736?
8
What is the tens digit of 3980593026?
2
What is the ten millions digit of 96788081?
9
What is the thousands digit of 96776399?
6
What is the units digit of 24293201?
1
What is the units digit of 24100406?
6
What is the tens digit of 1471158441?
4
What is the ten millions digit of 872341226?
7
What is the tens digit of 517733620?
2
What is the millions digit of 251234419?
1
What is the thousands digit of 157894671?
4
What is the ten thousands digit of 117188031?
8
What is the hundred millions digit of 3212642395?
2
What is the units digit of 177785?
5
What is the hundred thousands digit of 188619688?
6
What is the millions digit of 68293771?
8
What is the millions digit of 192530073?
2
What is the ten millions digit of 97595068?
9
What is the ten millions digit of 102827243?
0
What is the thousands digit of 50241267?
1
What is the hundreds digit of 12146491?
4
What is the tens digit of 710815358?
5
What is the hundred thousands digit of 78152627?
1
What is the millions digit of 172214750?
2
What is the hundred thousands digit of 416578430?
5
What is the ten millions digit of 1722992843?
2
What is the hundreds digit of 112033548?
5
What is the units digit of 478249189?
9
What is the ten thousands digit of 610180459?
8
What is the thousands digit of 79868822?
8
What is the tens digit of 685959003?
0
What is the ten thousands digit of 45503097?
0
What is the units digit of 301909560?
0
What is the hundred millions digit of 1406379592?
4
What is the hundred thousands digit of 39983795?
9
What is the billions digit of 6797798103?
6
What is the ten thousands digit of 326935415?
3
What is the hundreds digit of 49868968?
9
What is the millions digit of 42155353?
2
What is the hundreds digit of 812386412?
4
What is the billions digit of 7715829019?
7
What is the ten thousands digit of 251252996?
5
What is the hundred thousands digit of 115532337?
5
What is the ten millions digit of 462736129?
6
What is the millions digit of 287552778?
7
What is the units digit of 8646069892?
2
What is the ten thousands digit of 98197076?
9
What is the billions digit of 2141301190?
2
What is the hundred thousands digit of 2167108791?
1
What is the hundred thousands digit of 997396400?
3
What is the ten thousands digit of 233733995?
3
What is the units digit of 119668015?
5
What is the ten millions digit of 137039452?
3
What is the hundred thousands digit of 40258851?
2
What is the millions digit of 3663483027?
3
What is the ten thousands digit of 1003788717?
8
What is the billions digit of 1253215936?
1
What is the hundred millions digit of 139735528?
1
What is the ten millions digit of 5473954008?
7
What is the hundred thousands digit of 43249463?
2
What is the millions digit of 230169873?
0
What is the hundreds digit of 196815523?
5
What is the ten thousands digit of 86454797?
5
What is the tens digit of 241014796?
9
What is the thousands digit of 96172977?
2
What is the thousands digit of 18873869?
3
What is the ten thousands digit of 2545380345?
8
What is the hundreds digit of 83246833?
8
What is the hundred thousands digit of 93043915?
0
What is the millions digit of 210983413?
0
What is the millions digit of 38267985?
8
What is the tens digit of 6609242856?
5
What is the hundreds digit of 1686502515?
5
What is the millions digit of 42143177?
2
What is the tens digit of 4058033664?
6
What is the units digit of 177276128?
8
What is the units digit of 90122962?
2
What is the hundred thousands digit of 360075575?
0
What is the units digit of 226006617?
7
What is the billions digit of 4963210877?
4
What is the hundred thousands digit of 276360123?
3
What is the thousands digit of 4178544533?
4
What is the millions digit of 3578037004?
8
What is the hundred millions digit of 324479370?
3
What is the billions digit of 1138777401?
1
What is the hundred millions digit of 4382656735?
3
What is the ten millions digit of 3145640249?
4
What is the ten thousands digit of 254568184?
6
What is the hundreds digit of 1883870434?
4
What is